{"id":5,"date":"2011-12-14T16:36:53","date_gmt":"2011-12-14T16:36:53","guid":{"rendered":"http:\/\/www.natur-unterwegs.de\/?page_id=5"},"modified":"2024-05-15T05:24:28","modified_gmt":"2024-05-15T05:24:28","slug":"willkommen","status":"publish","type":"page","link":"https:\/\/planungsgruppe-oekologie.de\/","title":{"rendered":"Planungsgruppe \u00d6kologie"},"content":{"rendered":"<p><strong>Planungsgruppe \u00d6kologie<\/strong><br \/>\nB\u00fcro f\u00fcr Landschaftsplanung, Umweltbildung, Beratung und Forschung in Westerkappeln<\/p>\n<h1><a href=\"http:\/\/planungsgruppe-oekologie.de\/wp-content\/uploads\/2011\/12\/Logo-PL\u00d6-web.jpg\"><img loading=\"lazy\" decoding=\"async\" class=\"alignright wp-image-1101 size-medium\" src=\"http:\/\/planungsgruppe-oekologie.de\/wp-content\/uploads\/2011\/12\/Logo-PL\u00d6-web-300x121.jpg\" alt=\"Logo-PL\u00d6-web\" width=\"300\" height=\"121\" srcset=\"https:\/\/planungsgruppe-oekologie.de\/wp-content\/uploads\/2011\/12\/Logo-PL\u00d6-web-300x121.jpg 300w, https:\/\/planungsgruppe-oekologie.de\/wp-content\/uploads\/2011\/12\/Logo-PL\u00d6-web-500x201.jpg 500w, https:\/\/planungsgruppe-oekologie.de\/wp-content\/uploads\/2011\/12\/Logo-PL\u00d6-web.jpg 600w\" sizes=\"(max-width: 300px) 100vw, 300px\" \/><\/a><\/h1>\n<p><strong>Planungsgruppe \u00d6kologie<\/strong><br \/>\nDr. Karl-Robert Wolf<br \/>\nSchachselstra\u00dfe 3<br \/>\n49492 Westerkappeln<br \/>\n0172-3769919\u202c<br \/>\n<a href=\"mailto:planoeko@gmx.de\">planoeko(\u00e4t)gmx.de<\/a><\/p>\n<div><\/div>\n<p>Wir\u00a0freuen uns \u00fcber Ihre Nachfrage.<\/p>\n<div><\/div>\n","protected":false},"excerpt":{"rendered":"<p>Planungsgruppe \u00d6kologie B\u00fcro f\u00fcr Landschaftsplanung, Umweltbildung, Beratung und Forschung in Westerkappeln Planungsgruppe \u00d6kologie Dr. Karl-Robert Wolf Schachselstra\u00dfe 3 49492 Westerkappeln 0172-3769919\u202c planoeko(\u00e4t)gmx.de Wir\u00a0freuen uns \u00fcber Ihre Nachfrage.<\/p>\n","protected":false},"author":1,"featured_media":441,"parent":0,"menu_order":0,"comment_status":"closed","ping_status":"closed","template":"showcase.php","meta":{"footnotes":""},"_links":{"self":[{"href":"https:\/\/planungsgruppe-oekologie.de\/index.php?rest_route=\/wp\/v2\/pages\/5"}],"collection":[{"href":"https:\/\/planungsgruppe-oekologie.de\/index.php?rest_route=\/wp\/v2\/pages"}],"about":[{"href":"https:\/\/planungsgruppe-oekologie.de\/index.php?rest_route=\/wp\/v2\/types\/page"}],"author":[{"embeddable":true,"href":"https:\/\/planungsgruppe-oekologie.de\/index.php?rest_route=\/wp\/v2\/users\/1"}],"replies":[{"embeddable":true,"href":"https:\/\/planungsgruppe-oekologie.de\/index.php?rest_route=%2Fwp%2Fv2%2Fcomments&post=5"}],"version-history":[{"count":12,"href":"https:\/\/planungsgruppe-oekologie.de\/index.php?rest_route=\/wp\/v2\/pages\/5\/revisions"}],"predecessor-version":[{"id":1206,"href":"https:\/\/planungsgruppe-oekologie.de\/index.php?rest_route=\/wp\/v2\/pages\/5\/revisions\/1206"}],"wp:featuredmedia":[{"embeddable":true,"href":"https:\/\/planungsgruppe-oekologie.de\/index.php?rest_route=\/"}],"wp:attachment":[{"href":"https:\/\/planungsgruppe-oekologie.de\/index.php?rest_route=%2Fwp%2Fv2%2Fmedia&parent=5"}],"curies":[{"name":"wp","href":"https:\/\/api.w.org\/{rel}","templated":true}]}}

Planungsgruppe Ökologie

<p><strong>Planungsgruppe Ökologie</strong><br />
Büro für Landschaftsplanung, Umweltbildung, Beratung und Forschung in Westerkappeln</p>
<h1><a href="http://planungsgruppe-oekologie.de/wp-content/uploads/2011/12/Logo-PLÖ-web.jpg"><img loading="lazy" decoding="async" class="alignright wp-image-1101 size-medium" src="http://planungsgruppe-oekologie.de/wp-content/uploads/2011/12/Logo-PLÖ-web-300x121.jpg" alt="Logo-PLÖ-web" width="300" height="121" srcset="https://planungsgruppe-oekologie.de/wp-content/uploads/2011/12/Logo-PLÖ-web-300x121.jpg 300w, https://planungsgruppe-oekologie.de/wp-content/uploads/2011/12/Logo-PLÖ-web-500x201.jpg 500w, https://planungsgruppe-oekologie.de/wp-content/uploads/2011/12/Logo-PLÖ-web.jpg 600w" sizes="(max-width: 300px) 100vw, 300px" /></a></h1>
<p><strong>Planungsgruppe Ökologie</strong><br />
Dr. Karl-Robert Wolf<br />
Schachselstraße 3<br />
49492 Westerkappeln<br />
0172-3769919‬<br />
<a href="mailto:planoeko@gmx.de">planoeko(ät)gmx.de</a></p>
<div></div>
<p>Wir freuen uns über Ihre Nachfrage.</p>
<div></div>

<p>Planungsgruppe Ökologie Büro für Landschaftsplanung, Umweltbildung, Beratung und Forschung in Westerkappeln Planungsgruppe Ökologie Dr. Karl-Robert Wolf Schachselstraße 3 49492 Westerkappeln 0172-3769919‬ planoeko(ät)gmx.de Wir freuen uns über Ihre Nachfrage.</p>
